e the highest common factor of h and m.
61
Let b = 35 + -32. Let d(l) = -b*l + 2*l - 33 - 5*l - 9. Let c be d(-15). What is the greatest common divisor of 36 and c?
12
Let y = -5020 - -5045. Calculate the greatest common divisor of 10 and y.
5
Let y(d) = d**2 + 8*d - 1583. Let h be y(37). What is the highest common divisor of h and 7954?
82
Suppose -2 - 18 = -4*q. Let v be ((-402)/152 + (-110)/1045)*-60. What is the greatest common factor of v and q?
5
Suppose 12*l + 119 = 1175. Suppose 49 + 135 = 4*d. Suppose -d = -5*v - 6. Calculate the greatest common divisor of v and l.
8
Let l(g) = 2*g**3 - 61*g**2 - 89*g - 89. Let r be l(32). Let i(m) = m**3 - 2*m**2 - 4*m - 1. Let p be i(4). Calculate the highest common divisor of r and p.
15
Suppose -62*t - 20387 = -91*t. Calculate the greatest common factor of 592 and t.
37
Let n be (-200)/(-150)*174/8. Let h be (58/4)/((-6)/(-132)). Calculate the greatest common divisor of n and h.
29
Let j be (-62 - (-9 + 12))/(-5). Calculate the highest common divisor of j and 4394.
13
Suppose -s - t = -14, 0 = 5*t + 285 - 320. Calculate the greatest common factor of s and 21063.
7
Let c(g) be the first derivative of g**2 + 19*g - 40. Let p be c(4). Suppose -24*r + p*r = 42. What is the highest common divisor of 42 and r?
14
Suppose -p - 1 = -2. Let s = -42990 - -43007. What is the highest common divisor of s and p?
1
Let p(m) = 3*m**3 - 52*m**2 + 92*m + 8. Let l be p(16). What is the greatest common divisor of 10792 and l?
152
Suppose 0 = 93*a - 94*a - 1. Let y be 1086/12 - (a + 2/4). Calculate the highest common factor of y and 7.
7
Suppose 33*c = 43*c - 3180. Let n = -302 + c. What is the greatest common factor of n and 8?
8
Let l be (1 - 2)/((-2)/(-12)). Let a(y) = -y**2 - 5*y + 12. Let w be a(l). Suppose -672 = -f - w*f. What is the highest common divisor of f and 12?
12
Suppose 62*w + 123*w - 17004 = -33*w. Calculate the highest common factor of w and 16809.
39
Let l(k) = -4*k**3 - 27*k**2 - 102 + 10*k + 10*k**3 + 95. Let t be l(6). Calculate the greatest common factor of t and 13.
13
Suppose 11*w + 2 - 24 = 0. Suppose -3*x = -w*x - 26. What is the highest common divisor of 8 and x?
2
Let p be (75/(-30))/(2/12). Let x(j) = j**3 + 18*j**2 + 44*j + 26. Let v be x(p). What is the greatest common divisor of v and 164?
41
Suppose 71 = -4*q + 2*r + 239, 3*r = 4*q - 172. Calculate the highest common factor of q and 2030.
10
Let t = -43 - -43. Suppose 3 = -5*c - 4*r, 2*c - r - r - 6 = t. Let p be 1 - (-9)/(-3) - (c - 123). What is the greatest common divisor of 48 and p?
24
Let t(y) = 40*y**2 + 144*y + 83. Let r be t(-16). What is the highest common divisor of r and 99?
99
Suppose o + 2*q = 15, -3*o + 12 = q - 43. Let v(w) = -13 - 14 + w**2 + 4*w + 14. Let f be v(11). Calculate the greatest common factor of o and f.
19
Suppose -31*r + 947 = -830 + 661. Calculate the greatest common divisor of r and 684.
36
Suppose 21 = 3*k - 3*s, -k + 2 = s + 1. Suppose -d = 3 + 5. Let f be (-51)/(-2) - (2 + k/d). What is the greatest common factor of 3 and f?
3
Let q = 10250 + -10151. What is the highest common divisor of 3069 and q?
99
Let p be (13/39)/(2/210). Suppose -z - p = -52. Calculate the greatest common divisor of 17 and z.
17
Let u(o) = -3*o - 12. Let s be u(-3). Let m be s + (-4 + 4 - 2) + 212. Calculate the highest common divisor of 9 and m.
9
Suppose -w + 8 = 9, -4*k - 3*w = -29. What is the highest common divisor of 163 and k?
1
Suppose -h - 66 + 80 = -3*i, -2*i = 5*h - 70. What is the greatest common divisor of h and 10696?
14
Let a be 7/(-8 + 43)*-2 + 30831/15. Calculate the greatest common divisor of 5 and a.
5
Let a be (0 + -1)*1/(-1). Suppose -100*m + 118*m - 468 = 0. Suppose -8 = -q - 2*g, -5*q + g - 4*g = -m. Calculate the highest common divisor of a and q.
1
Let q be 215/7 - 6/(-21). Let k(f) = -10*f + 1732. Let v be k(167). What is the greatest common factor of v and q?
31
Let l = -6339 + 6485. Suppose 2*k + 2*d = 14 - 4, 0 = 3*k + 4*d - 16. Suppose -18 = k*o - l. What is the highest common divisor of o and 256?
32
Suppose 8*v - 1 - 31 = 0. Suppose -4*h = -4*q - 40, 2*q + v = -0. Let z be 1*16 - 0/h. Calculate the highest common factor of z and 40.
8
Suppose 3*n + 5*u - 890 = -0*u, 2*u + 304 = n. Suppose 0 = -5*r - 10, 0*r - 966 = -4*p + 3*r. Calculate the highest common divisor of p and n.
60
Let z(y) = -23*y - 115. Suppose 6*k + 92 = 14. Let l be z(k). Calculate the highest common divisor of 230 and l.
46
Let p be (-432)/(-8) + -2 + 1. Let k = -44 + p. Let f(y) = -4*y**2 + 40*y - 7. Let i be f(k). What is the highest common divisor of 232 and i?
29
Suppose -468 = -125*k + 3032. What is the highest common divisor of 133 and k?
7
Suppose -17*h - 318 = -29. Let u(w) = -w**3 - 16*w**2 + 13*w - 47. Let s be u(h). Calculate the greatest common factor of 9 and s.
3
Suppose 390 = 2*m - 500. Let z be (-5)/20*2*(41 - 51). Calculate the greatest common divisor of z and m.
5
Let w = 5844 + -5548. Calculate the greatest common divisor of w and 424.
8
Let u(b) = 3*b**2 - 6*b - 121. Let n be u(-6). What is the greatest common factor of 13271 and n?
23
Suppose 4*p + 892 - 842 = 3*r, 5*r = 5*p + 75. Calculate the highest common factor of r and 3730.
10
Let v be 154/6 + 8/(-12). Suppose 3*r + 4*n - v = 0, -5*n - 2 = -3*r + 2*r. Suppose -r*w + 0*w = -420. Calculate the highest common divisor of w and 40.
20
Let k be -1 - -2 - -109 - -2. Let f be 4/(4 - 108/28). What is the highest common factor of f and k?
28
Let b = 9774 - 9570. Calculate the highest common factor of 3587 and b.
17
Let f(r) = -r + 5. Let n be (((-9)/(-3))/(-3))/1 + -19. Let h = n + 22. Let u be f(h). Calculate the greatest common divisor of u and 15.
3
Suppose 1060 = 156*d + 280. What is the greatest common divisor of d and 2105?
5
Let u(c) = 3*c + c + 3*c. Let f = -728 - -730. Let v be u(f). Calculate the highest common factor of 98 and v.
14
Let c(w) = -160*w**3. Let n be c(-1). Let u(m) = 17*m + 100. Suppose -54*t + 52*t - 8 = 0. Let j be u(t). Calculate the greatest common factor of n and j.
32
Let k(f) = -3*f - 9. Let m be k(-5). Suppose 6*z - m = 24. What is the highest common factor of 230 and z?
5
Let w = -3518 + 3526. Let z = 177 + -17. Calculate the highest common factor of z and w.
8
Let r = -444 - -468. What is the greatest common factor of 734 and r?
2
Let a = 8 + -5. Suppose 120*o - 135*o = -45. Suppose m = o + a. Calculate the highest common factor of m and 6.
6
Let v(r) = r**3 + 10*r**2 - 4*r - 45. Suppose 2*t + 3*x + 3 = -3, -7 = 3*t + 5*x. Let n be v(t). What is the greatest common factor of 54 and n?
18
Suppose -3*t + 147 = -7*z + 4*z, 0 = -4*z + 3*t - 199. Let j be (7 + -4)*z/(-6) + 0. What is the greatest common divisor of 2 and j?
2
Let f = 279776 - 279772. Suppose -4*p + 9 = -p. Suppose k + 2*v + v - 34 = 0, -6 = -p*v. Calculate the highest common factor of f and k.
4
Suppose -24*z + 45*z = 148*z - 35941. What is the highest common divisor of z and 5?
1
Suppose 0 = -384*x + 65*x + 4077458. What is the highest common factor of x and 11?
11
Let r(c) = -c**2 + 7*c + 67. Let f be r(13). Let w(y) = -38*y - 130. Let l be w(f). What is the greatest common divisor of l and 18?
18
Let f(x) = 2*x**3 + x + 2. Let t be f(2). Suppose -182 = -i + 3*d, 0*i - 5*d - 756 = -4*i. Let r = -174 + i. What is the highest common divisor of t and r?
20
Suppose 2*s + 10 = 0, -5*r + 32*s - 34*s = -20645. What is the highest common factor of 561 and r?
51
Let y = -12751 - -18664. Calculate the highest common divisor of y and 81.
81
Let l(s) = s**2 + 46*s + 786. Let r be l(-33). What is the highest common factor of 255 and r?
51
Let q be 6200/(-1488) + 1*4 + 481/6. Calculate the highest common divisor of 20 and q.
20
Let a = -103 - -120. Suppose a*n - n - 8880 = 0. What is the highest common divisor of 15 and n?
15
Let d = 251 - 248. Let z(o) = 24*o - 9. Let w be z(d). What is the greatest common divisor of w and 147?
21
Let m be (-1*(-1)/3)/(599/7975086). Calculate the greatest common factor of 14 and m.
14
Let l(o) be the second derivative of -o**5/20 + 13*o**4/12 - o**3/6 - 29*o**2/2 - 19*o. Let f be l(10). Calculate the highest common factor of f and 29.
29
Suppose -93*a + 233753 = -44791 - 86109. Calculate the greatest common divisor of a and 3.
3
Suppos